2*a + 3. What is the units digit of z(g)?
7
Suppose -2*p = -5*m - 171, -2*p = -3*p + m + 87. What is the tens digit of p?
8
Let k(n) = 4*n**2 - n**3 - 3*n**2 + 2*n - n. Let a(t) = 4*t**3 - 12*t**2 - 3*t + 8. Let d(z) = -a(z) - 5*k(z). What is the units digit of d(-7)?
6
Let i(c) = -2*c + 5. Let a be i(-5). Suppose -3*w - 2*z = -a, -4*w + 16 = -3*z - 4. What is the units digit of w?
5
What is the tens digit of 10/15*327/2?
0
Let k = 3 - 2. What is the units digit of k?
1
Suppose -14*j + 384 = -10*j. What is the tens digit of j?
9
Suppose n = -1 - 6. Let h(c) = c**3 + 7*c**2 - c - 3. Let q be h(n). Suppose 4*b = q*y - 8, -b = y + y - 7. What is the units digit of b?
1
What is the hundreds digit of ((11 - 5) + 116)/((-2)/(-3))?
1
Let a = 5 - 1. Suppose 0 = -a*n + 2*i + 108, -n + 5*i + 3 = -42. What is the units digit of n?
5
Suppose -3*n - 5*q - 44 = 40, 4*q = -n - 35. Let s = n + 32. What is the units digit of s?
9
Let r = 19 + -10. Let a = r - -6. What is the units digit of a?
5
Suppose 4*h = 5*v + 105, h + v - 33 = -0*h. What is the units digit of h?
0
Let d = 4 - 2. Suppose d*t = -3*f + t + 62, 2*f = 3*t + 34. What is the units digit of f?
0
Let y(s) = -s**2 - 5*s - 3. Let r be y(-5). What is the tens digit of (-63)/(-4) + r/(-12)?
1
Suppose 2*r = -4*k + 158, 5*r - 171 = -2*k + 256. What is the units digit of r?
7
Let n = 10 - 5. Let l = n - -1. What is the units digit of l?
6
Suppose 17 = -5*h + s, h - s - 3 + 4 = 0. Let n = 1 - h. What is the units digit of n?
5
What is the units digit of 2/7 - 132/(-28)?
5
Let u(w) = w**3 - 6*w**2 + 3*w + 7. Suppose -3 = 3*t - 21. What is the tens digit of u(t)?
2
Let y be (-88)/14 - 6/(-21). Let w(j) = -j**3 - 5*j**2 + 5*j. What is the units digit of w(y)?
6
Suppose -3*u + 2*u = 0. Suppose 0 = -u*m - 5*m + 55. What is the units digit of m?
1
What is the hundreds digit of (-537)/(-2)*4/12*2?
1
Suppose -3*j + 41 = 2*l, -4 = -0*l - l. What is the units digit of j?
1
Let q = -8 + 11. Suppose q*s - s - 46 = 0. What is the tens digit of s?
2
Suppose 0 = -2*l + 8*s - 3*s + 499, -l + 3*s + 252 = 0. What is the hundreds digit of l?
2
Let z be 186/4 - 2/(-4). Let b = 78 - z. What is the tens digit of b?
3
Suppose f - 4 = -2*r, -3*f - 2*f - 1 = 3*r. Suppose -r*y + 3 = -0. What is the units digit of y?
1
Let f = -36 - -76. What is the units digit of f?
0
Let l(c) = 34*c**2 + 2. Let p be l(2). Suppose 3*h + p = 6*h. What is the units digit of h?
6
Let k = -53 + 125. Suppose -2*p + k = 2*p. What is the tens digit of p?
1
Let o be 1/4 - 33/(-12). Suppose -n + 16 = -4*j - 5, n = o*j + 18. What is the units digit of n?
9
Let i be 3/2*(0 - -2). Suppose -4*z - 17 = -3*a, a - i = -2*a - 3*z. Let k = 12 - a. What is the units digit of k?
9
Suppose -2*n + 3 + 1 = 0. Let j be 63/n - 1/(-2). Suppose 3*z = 6*z - 5*t - 4, 2*t = 5*z - j. What is the units digit of z?
8
Suppose 36 = 3*g - g. Suppose j = -2*j + g. What is the units digit of j?
6
Suppose -2*o - 5*l = -125, 0 = -o - o - 2*l + 128. Suppose -6*k + o = -k. Suppose 0 = 3*j + 5*y - k, -2*y - y = -2*j - 4. What is the units digit of j?
1
Suppose 5*u + 15 = 0, 0 = 2*s + 2*u - 0 + 2. Let p be (s/(-6))/(3/(-18)). What is the units digit of ((-2)/(-4))/(p/12)?
3
Let w(t) = 8*t - 6. Let j be w(5). Suppose 5*i = -4 + j. What is the units digit of i?
6
Suppose -6*v = -2*v + 4. Let k be (-1)/1*5*v. Suppose -k*f = -r - 2 - 12, -5*f - 4*r - 6 = 0. What is the units digit of f?
2
Suppose -2*b + 1 - 16 = -l, 0 = -3*l - 5*b - 10. Let n be 9/(-5)*15/(-3). Let t = n - l. What is the units digit of t?
4
Let z(a) = 36*a**2 + a + 1. What is the tens digit of z(-1)?
3
Let h(t) = 6*t**2 + 2. What is the units digit of h(2)?
6
Let k = -6 + 8. Suppose -3*t - 5*m + 14 = -11, 14 = k*t + 2*m. What is the units digit of t?
5
Let t = 29 + -13. Suppose t = 2*a - 4*c, 4 = -5*c - 6. What is the units digit of a?
4
Let k = 2 - 2. Suppose 0 = -k*n + 5*n - 10. Suppose -5*h - 2*g + 9 = 0, 3*h + n*g + 3 = 2*h. What is the units digit of h?
3
Let s(f) = 2*f**3 - 3*f**2 + 2*f. Let l be s(2). Let d = l + -2. Suppose 0 = 3*x - x - d. What is the units digit of x?
3
Suppose -2*w + 12 + 0 = 2*s, -15 = -2*w - 5*s. Suppose 8*b - 3*b - 13 = -o, 0 = 4*b - w*o + 7. Suppose 0 = -a - a + b. What is the units digit of a?
1
Let y be (-54)/12*2/3. What is the units digit of y/4*24/(-9)?
2
Let l(p) = -p**3 + 8*p**2 - p + 5. Let y be l(7). Let r = y - 30. What is the tens digit of r?
1
What is the units digit of ((-4)/(-2))/((-9132)/1828 - -5)?
7
Let x(a) = a**3 - 11*a**2 + 9*a + 10. Let b be x(10). Suppose -4*i + 2*i + 24 = b. What is the tens digit of i?
1
Let q be 0 + (2 - 2 - -2). Let r(g) = 2*g**q + 2*g - 3*g - 4*g**2 + 3*g**2 + 1. What is the units digit of r(2)?
3
Suppose -2*s - 3*w - 2*w = -1, 0 = 2*s - 3*w + 7. Let b = s - -4. What is the units digit of b?
2
Let f be 70/22 + 4/(-22). Suppose 0*s + f*s + 3 = 3*c, 0 = 2*s - 8. What is the units digit of c?
5
Let q(l) = -7*l - 3. Let k be q(6). Let t = 66 + k. What is the tens digit of t?
2
What is the tens digit of (2/7)/(7/98) + 165?
6
Let p(b) be the second derivative of -b**5/20 - b**4/12 + 3*b**2/2 - 2*b. Let w be p(0). Suppose y - w = 5. What is the units digit of y?
8
Suppose f = -2*f + 9. Suppose -5*r - f*k + 55 = -6*k, 4*k = -4*r + 12. What is the units digit of r?
8
Let n = 81 + -40. What is the tens digit of n?
4
Let k(v) = v**3 - 6*v**2 + 6*v - 2. Let f be k(6). Suppose -4*g - 8 - 9 = -3*x, -5*x + g + f = 0. What is the units digit of x?
7
Suppose 2*n - 2 = 5*y, 2*n - 1 = -2*y + n. Suppose y*j + 2*j - 3*t - 56 = 0, 3*j = 4*t + 82. What is the tens digit of j?
2
What is the units digit of 2/((-3)/57*-2)?
9
What is the tens digit of ((-306)/(-8) - -2)/(7/28)?
6
What is the tens digit of (3 + 1 - 1)/(2/168)?
5
Let o(g) = -2*g**2 + 0 - 1 - 4*g**3 + 4*g**2. Let b(a) = -a - 6. Let h be b(-5). What is the units digit of o(h)?
5
Let x(u) = -39*u**3 + u**2 + 2*u + 1. What is the units digit of x(-1)?
9
Suppose 2*j = m + 4, -4*m - 4 = -5*j + 12. Suppose j = -2*u + 9 - 1. Suppose 11 + 0 = d - 2*b, -u*b - 28 = -4*d. What is the units digit of d?
3
Let q(h) = h. Let v be q(0). Suppose 4*d - 2 - 30 = v. Suppose d + 16 = 3*m. What is the units digit of m?
8
Suppose -2*n = -5*z - 14 + 42, 24 = -2*n + 4*z. What is the units digit of (6/n)/(12/(-40))?
5
Suppose -5*m + 20 = -0*m. Let x = 9 - m. What is the units digit of -1 + (-2 - -2) + x?
4
Suppose 3*d - d = -2. What is the tens digit of 26 - (d - (-4 - -1))?
2
Suppose 5*j + 3*p - 238 + 46 = 0, -64 = -2*j + 2*p. Suppose -m - m + j = 0. What is the units digit of m?
8
Suppose -300 - 115 = -5*a. What is the units digit of a?
3
Suppose -3 = -4*m + 5. Suppose -6 = -m*v - 2. What is the units digit of v?
2
What is the units digit of (-4)/(-14) - 3370/(-14)?
1
Let t = -5 + 4. Let m be (0 - t/(-2))*-6. Suppose a - 5*g = 5*a - 21, 0 = m*a + 2*g - 14. What is the units digit of a?
4
Suppose -i + 4*c = 16, c + 16 = 4*i + 5*c. Let w = i + 3. Suppose w*j = j + 4. What is the units digit of j?
2
Suppose -s - 205 = -5*h, h + 0*s = -4*s + 20. What is the units digit of h?
0
What is the tens digit of ((-644)/(-35))/((-1)/(-5))?
9
Suppose -12 - 3 = 3*p. Suppose k = -3*d - 2*d - 55, -3*k + 5*d = 65. What is the units digit of (0 - -1)*k/p?
6
What is the tens digit of (-294)/(-9) + (-14)/21?
3
Let t = -214 + 481. What is the tens digit of t?
6
Let h = 54 - 53. Suppose -35 = l - 5*j, -5*l - j = -5*j + 91. Let s = h - l. What is the units digit of s?
6
Suppose 0*s - 2*s = -10. Let r(m) = -m**3 + 4*m**2 + 6*m - 3. Let w be r(s). Suppose -3*a + 13 + 14 = 5*p, p - w*a - 8 = 0. What is the units digit of p?
6
Suppose -k - 20 = -5*k. Suppose -2*u - h = u - 43, 5*h - k = 0. What is the tens digit of u?
1
Let m = 212 - 128. What is the units digit of m?
4
Let c(u) = 15*u - 80. What is the tens digit of c(25)?
9
Let j(a) = -a**3 - 5*a**2 - 5*a + 1. Let k be j(-4). Let v = 4 - k. What is the units digit of -5*(v - 0)*1?
5
Suppose 4 = 2*n, 4*b + 2*n - 15 = 9. Suppose -b*g = 5*r + 15, -5*r - 15 = -4*g + 18. Suppose j = t - 12, -g*t - 6*j + 2*j = 0. What is the units digit of t?
8
Let l(j) = -j**3 + j**2 - j + 3. What is the tens digit of l(-5)?
5
Suppose -5 = 5*u - 15. Suppose 0 = 2*p + 3*t - 0*t - 52, u*p + 5*t - 60 = 0. What is the tens digit of p?
2